4*h - 5*x = 14. Let p be (2/4 - h)*-4. Let j(t) = 8*t**3 + t - 1. Let c be j(p). What is the greatest common divisor of 26 and c?
13
Suppose 413 + 1407 = 2*y. Suppose 2*x + 3*x + y = 0. Let c be 4/(-8) - x/4. Calculate the greatest common divisor of c and 5.
5
Let f be 11 + 0*(0 - 1). Let a = 10 + 1. What is the greatest common factor of f and a?
11
Let c = -225 + 135. Let j = c - -146. Calculate the greatest common divisor of j and 8.
8
Let x be ((-66)/12)/(0 - 3/18). Calculate the greatest common factor of 11 and x.
11
Let w(c) = 7*c**2 - 5*c - 7. Let m be w(5). Let h(t) = t + 10. Let j be h(-6). Let p be j/10 + (-126)/(-10). What is the greatest common factor of m and p?
13
Let c = -73 + 175. Suppose c = 2*b + b. Calculate the greatest common factor of b and 85.
17
Let o(f) = 15*f**2 + 2*f. Let g be o(2). Calculate the highest common factor of 8 and g.
8
Suppose 0 = -3*w - o - 12, -7 + 21 = -4*w - 2*o. Let s be ((-8)/w)/(1/5). Let q be (-12)/((-1)/2 - 1). What is the highest common factor of s and q?
8
Let c be -1 + 124*1 - -3. Suppose i = 4*i - c. Let u be (5/3)/(7/i). What is the highest common factor of 10 and u?
10
Let q(j) = -j**3 + j**2 + 7*j - 1. Let n be q(-6). Let l = 3 - 0. Suppose l*g + g = 76. What is the highest common factor of g and n?
19
Let g be 202/18 - 6/27. Let h be (-64)/(-6) - (-1)/3. Calculate the highest common divisor of h and g.
11
Let t = -132 - -155. Calculate the highest common divisor of t and 115.
23
Let d(p) = -p**3 - 4*p**2 + 3*p - 4. Let k be d(-5). Let y be ((-26)/k)/((-4)/12). What is the highest common divisor of y and 117?
13
Suppose 5*k = 5*u - 110, -5*k + 59 = 2*u - 4*k. Let z be (-58)/(-12) + 3/18. Suppose 0 = z*m - 3*m - 6. Calculate the highest common divisor of u and m.
3
Let r = -15 + -1. Let s = -10 - r. What is the greatest common factor of 2 and s?
2
Let s = 600 + -232. Let x = s + -260. Calculate the highest common divisor of 12 and x.
12
Let x = 4 + 185. Calculate the highest common divisor of x and 21.
21
Let h(d) = 3*d**2 + 5*d + 11. Let f be h(8). What is the highest common factor of f and 27?
27
Let r = -58 - -13. Let u = r - -11. Let n = u + 48. What is the highest common factor of 126 and n?
14
Suppose -3*z = 4*t - 1344 + 12, 1323 = 3*z + t. What is the greatest common factor of z and 40?
40
Suppose -4*y - 9 - 3 = 0. Let o be 2 - ((-34 - 0) + y). What is the highest common factor of 26 and o?
13
Let x be (23/2)/(4/8). Calculate the highest common divisor of 92 and x.
23
Let n = -12 + 14. Suppose 4*a = -2*y - 0*a + 150, -5*y + 383 = n*a. Calculate the highest common factor of 11 and y.
11
Let x(a) = -2*a + 5. Let f be x(4). Let w = f + 8. What is the greatest common divisor of w and 20?
5
Suppose -8*m + 2*m + 72 = 0. Calculate the greatest common factor of 4 and m.
4
Suppose 0*v + 4*v = 48. What is the highest common divisor of 36 and v?
12
Suppose 0 - 4 = -2*i, -i + 87 = 5*j. What is the highest common divisor of 17 and j?
17
Let c = -154 + 163. Let g = -3 + 30. Calculate the greatest common divisor of g and c.
9
Suppose 24 = c + 2*f, -4*c + 84 = c + f. Calculate the highest common factor of c and 24.
8
Suppose -1 = 3*g - 7. Suppose -3*m + 8 = -10. Calculate the highest common factor of m and g.
2
Let o = -2 + 4. Suppose -4*u = r + 7, o*u - 47 = -4*r + u. What is the highest common divisor of r and 91?
13
Let q = -4 + 6. Let r = 126 - 124. Calculate the greatest common divisor of q and r.
2
Let w be -3 + 1/2*8. Calculate the highest common divisor of 6 and w.
1
Let u(c) = -c**2 - 4*c - 8. Let s be u(-6). Let i be (-8)/s + 18/5. What is the greatest common divisor of i and 4?
4
Let r = -5 - -15. Calculate the greatest common factor of r and 130.
10
Suppose p - 420 = -3*p. Suppose 0 = -4*d + d + 45. What is the greatest common divisor of d and p?
15
Let m be 1 - (-3 + 6 + -42). Let k be ((-2)/4)/((-2)/80). What is the greatest common divisor of m and k?
20
Let j be 7/1*(-2 - -1). Let n be (-54)/j - 2/(-7). Suppose l + l = n. Calculate the highest common factor of l and 44.
4
Let i = -5 + 11. Let d be (28/i)/((-1)/(-3)). Let x(a) = a**3 + 9*a**2 - 7*a - 7. Let g be x(-9). Calculate the greatest common factor of g and d.
14
Let n be (-471)/(-15) + 3/5. Suppose 5*h = 5*m + h - n, -5*h - 11 = m. Calculate the highest common factor of m and 10.
2
Let m be -4 + (214/(-8))/(1/(-8)). Calculate the highest common divisor of m and 10.
10
Let a = -37 - -56. What is the greatest common divisor of 323 and a?
19
Suppose -y - 2*s + 4*s = -193, -2*y + 3*s = -388. Let r = y - 71. What is the greatest common factor of r and 14?
14
Let i(f) = 2*f**2 - 6*f - 6. Let d be i(6). Let v = -6 - -12. Calculate the highest common divisor of v and d.
6
Let d(i) = -12*i + 9*i**2 - 4*i**3 + 14 + 2*i + 5*i**3. Let p be d(-10). What is the highest common factor of 21 and p?
7
Suppose 3*w + 17 - 20 = 0. Suppose -3*f - m + 6*m + 3 = 0, 2*f + 2*m = 2. What is the highest common factor of f and w?
1
Suppose -5*g = -2*g - 96. Suppose -3*k + 8*k + 66 = 4*t, -2*k = -2*t + g. What is the greatest common factor of 126 and t?
14
Let j be -2 - (-3)/((-15)/(-130)). Let m(s) = s**3 + 7*s**2 + 6*s + 4. Let d be m(-6). Let x = d - -8. Calculate the greatest common factor of x and j.
12
Let d(j) be the second derivative of -3/2*j**2 - 1/6*j**3 + 0 + 2*j + 1/4*j**4. Let c be d(-3). What is the greatest common divisor of 18 and c?
9
Let g(o) = 10*o - 5 - o**2 - 10 - 30*o - 2. Let j be g(-19). Calculate the greatest common divisor of j and 14.
2
Let d be (-10)/(-4)*(-88)/(-10). What is the greatest common divisor of 33 and d?
11
Let y(q) = -2*q - 4. Let u be y(-4). Let t be 2/u - 38/(-4). Calculate the highest common divisor of t and 80.
10
Suppose 0 = 2*q + q. Suppose 0 = -9*b + 4*b + 15. Suppose 5*x - b*x - 8 = q. Calculate the greatest common divisor of 44 and x.
4
Let x be (2/(-4))/(1/(-8)). Let b be (9/x)/1*4. Let z be (-2)/(-6) - (-134)/3. Calculate the highest common factor of b and z.
9
Suppose 2*h = -3*r + 11, 3*r = -r + 5*h - 16. Let i be -14*(r/2)/(-1). What is the highest common divisor of 7 and i?
7
Suppose -4*c + d + 122 = 3*d, 3*c - 3*d - 87 = 0. Calculate the highest common divisor of c and 20.
10
Suppose -26 = -5*m - b, -m + 9 + 0 = 4*b. Let q be (-295)/(-2)*12/(-15). Let d = -78 - q. Calculate the highest common divisor of d and m.
5
Let j = 48 + 30. What is the greatest common divisor of 39 and j?
39
Suppose -3*c = -0*c - 153. Suppose -4*s + 29 + c = 0. Calculate the highest common divisor of s and 4.
4
Suppose 18 = 4*h - h. Suppose h = -k + 3*n, -k + 5*n - 2 = 2*k. Let y = 44 + 4. What is the greatest common divisor of k and y?
6
Suppose 0 = 3*f - 203 - 58. Calculate the greatest common divisor of 58 and f.
29
Let r(m) = -6*m**2 + 7*m. Let q be r(-9). Let d be q/(-81) - 2/(-9). Calculate the greatest common factor of 7 and d.
7
Suppose q - 9 = -2*b, 33 = 4*b + 3*q - 6*q. Let v be 4/b - (-140)/15. Let c be 3*(-1)/(-3) - -49. What is the highest common factor of c and v?
10
Suppose -9*z + 6*z = -57. What is the highest common factor of z and 171?
19
Let q = 11 + -16. Let j be ((-26)/(-6))/(q/(-15)). Suppose 0 = 6*a - 2*a - 104. What is the highest common divisor of j and a?
13
Suppose 5*a - 4*v - 20 = v, 0 = -5*a - v + 20. Calculate the greatest common divisor of 68 and a.
4
Let q = -10 - -18. Calculate the highest common factor of q and 72.
8
Suppose -10 = -2*j + 8. Let n = 92 + -29. What is the greatest common factor of j and n?
9
Let r(y) = y**3 + 3*y**2 - 2*y - 1. Let n be r(-3). Calculate the highest common divisor of 10 and n.
5
Let q = -8 - -10. Suppose -5*t = -q*t - 3. What is the highest common divisor of t and 7?
1
Let k = 46 - 35. What is the highest common divisor of 33 and k?
11
Let r(o) = -10*o - 39. Let w be r(-5). Calculate the highest common divisor of 11 and w.
11
Let d = 21 + -19. Suppose -m - m + l + 83 = 0, 4*l + 80 = d*m. What is the greatest common factor of 105 and m?
21
Let s be (-3)/(-12) + 638/8. What is the greatest common factor of s and 16?
16
Suppose -3*o + 36 = -4*y, 2*o + y = -6 + 19. Calculate the greatest common factor of 40 and o.
8
Let k = 5 - -10. What is the highest common factor of 5 and k?
5
Let k be 1/(10/(-4) + 3). Calculate the highest common factor of k and 5.
1
Let q = 9